ctor of 1148 and 308?
28
What is the greatest common divisor of 13 and 1651?
13
What is the highest common factor of 340 and 68?
68
Calculate the highest common divisor of 284 and 71.
71
What is the highest common factor of 637 and 49?
49
What is the greatest common factor of 87 and 225?
3
Calculate the highest common divisor of 152 and 160.
8
Calculate the greatest common factor of 403 and 217.
31
Calculate the highest common factor of 7568 and 176.
176
Calculate the highest common divisor of 703 and 57.
19
Calculate the greatest common divisor of 25362 and 54.
18
What is the highest common divisor of 581 and 7?
7
Calculate the greatest common factor of 5491 and 19.
19
Calculate the highest common divisor of 37 and 2368.
37
What is the highest common divisor of 12 and 12?
12
Calculate the highest common divisor of 116 and 1247.
29
Calculate the highest common factor of 40 and 16.
8
Calculate the greatest common divisor of 108 and 204.
12
Calculate the highest common factor of 144 and 4824.
72
What is the highest common factor of 119 and 609?
7
Calculate the highest common divisor of 125 and 300.
25
Calculate the greatest common factor of 3040 and 1760.
160
Calculate the highest common divisor of 2535 and 10.
5
Calculate the highest common divisor of 5584 and 16.
16
What is the greatest common factor of 96 and 32?
32
Calculate the highest common divisor of 1738 and 110.
22
Calculate the greatest common divisor of 364 and 84.
28
Calculate the greatest common factor of 2379 and 78.
39
What is the highest common factor of 256 and 32?
32
Calculate the highest common factor of 132 and 2970.
66
What is the highest common factor of 544 and 96?
32
What is the highest common divisor of 434 and 124?
62
Calculate the highest common factor of 300 and 12.
12
Calculate the highest common factor of 18 and 24.
6
Calculate the greatest common factor of 4 and 1.
1
Calculate the greatest common divisor of 15 and 114.
3
What is the greatest common factor of 78 and 6?
6
What is the highest common factor of 153 and 18972?
153
What is the highest common factor of 11168 and 32?
32
What is the highest common factor of 6 and 192?
6
Calculate the greatest common divisor of 8035 and 5.
5
What is the highest common divisor of 4354 and 28?
14
What is the highest common divisor of 12 and 52?
4
What is the greatest common divisor of 975 and 150?
75
Calculate the greatest common factor of 3 and 3453.
3
What is the highest common factor of 165 and 555?
15
What is the greatest common factor of 9772 and 28?
28
Calculate the highest common divisor of 100 and 400.
100
Calculate the greatest common divisor of 740 and 340.
20
What is the highest common divisor of 23 and 69?
23
What is the highest common factor of 33 and 88?
11
What is the greatest common divisor of 197 and 1?
1
Calculate the greatest common divisor of 130 and 585.
65
Calculate the greatest common divisor of 4238 and 13.
13
Calculate the highest common divisor of 915 and 30.
15
Calculate the highest common divisor of 26509 and 147.
49
Calculate the highest common divisor of 49 and 399.
7
What is the greatest common divisor of 208 and 26?
26
What is the highest common divisor of 294 and 987?
21
What is the greatest common factor of 300 and 12?
12
What is the highest common factor of 1375 and 3250?
125
Calculate the highest common factor of 8 and 152.
8
What is the greatest common divisor of 40 and 144?
8
Calculate the greatest common factor of 69 and 23.
23
What is the highest common factor of 2430 and 90?
90
Calculate the greatest common divisor of 46960 and 16.
16
What is the greatest common factor of 2032 and 16?
16
Calculate the greatest common factor of 182 and 117.
13
Calculate the highest common divisor of 468 and 52.
52
What is the greatest common divisor of 10356 and 12?
12
Calculate the greatest common divisor of 18 and 495.
9
What is the greatest common divisor of 1080 and 450?
90
What is the highest common divisor of 15 and 14265?
15
Calculate the highest common factor of 121 and 583.
11
What is the highest common factor of 24 and 4584?
24
Calculate the highest common divisor of 12 and 124.
4
What is the highest common divisor of 338 and 2938?
26
Calculate the highest common factor of 602 and 774.
86
Calculate the highest common divisor of 2508 and 18.
6
Calculate the highest common divisor of 64 and 24.
8
What is the greatest common divisor of 16 and 116?
4
What is the greatest common factor of 882 and 686?
98
What is the greatest common divisor of 2573 and 166?
83
What is the highest common divisor of 39 and 44031?
39
Calculate the highest common divisor of 38 and 646.
38
What is the greatest common divisor of 1311 and 114?
57
Calculate the highest common divisor of 171 and 2223.
171
Calculate the highest common divisor of 1 and 19.
1
What is the greatest common divisor of 1199 and 44?
11
What is the greatest common factor of 1434 and 6?
6
Calculate the greatest common divisor of 126 and 5436.
18
Calculate the highest common factor of 26 and 4.
2
What is the greatest common divisor of 170 and 40?
10
Calculate the highest common factor of 24 and 72.
24
Calculate the greatest common divisor of 285 and 19.
19
Calculate the highest common divisor of 12 and 996.
12
What is the greatest common divisor of 3330 and 90?
90
Calculate the greatest common factor of 748 and 4576.
44
Calculate the highest common divisor of 80 and 440.
40
What is the highest common factor of 60 and 255?
15
Calculate the greatest common factor of 21 and 483.
21
Calculate the greatest common factor of 54 and 29538.
54
Calculate the highest common divisor of 114 and 534.
6
Calculate the highest common divisor of 88 and 319.
11
Calculate the greatest common factor of 22 and 7766.
22
Calculate the highest common factor of 30 and 8490.
30
Calculate the greatest common divisor of 6 and 1098.
6
Calculate the greatest common factor of 354 and 42.
6
What is the greatest common divisor of 834 and 973?
139
What is the highest common factor of 594 and 2904?
66
Calculate the greatest common factor of 1344 and 231.
21
What is the greatest common divisor of 108 and 3132?
108
What is the highest common divisor of 1078 and 121?
11
What is the greatest common divisor of 330 and 1914?
66
Calculate the highest common factor of 1479 and 1530.
51
What is the highest common divisor of 56 and 497?
7
What is the greatest common divisor of 3690 and 225?
45
Calculate the greatest common divisor of 13 and 3.
1
Calculate the greatest common factor of 767 and 13.
13
Calculate the highest common divisor of 33 and 36531.
33
Calculate the highest common factor of 2486 and 22.
22
Calculate the greatest common divisor of 132 and 12441.
33
What is the greatest common divisor of 3 and 129?
3
What is the greatest common factor of 2 and 647?
1
What is the greatest common factor of 64 and 160?
32
Calculate the highest common divisor of 1450 and 850.
50
What is the greatest common factor of 42 and 3017?
7
What is the greatest common factor of 1200 and 80?
80
Calculate the highest common divisor of 66 and 2266.
22
Calculate the greatest common factor of 28 and 6062.
14
Calculate the greatest common divisor of 284 and 52.
4
Calculate the greatest common divisor of 1965 and 195.
15
What is the highest common factor of 2086 and 14?
14
Calculate the highest common divisor of 85 and 17.
17
What is the highest common divisor of 144 and 1992?
24
Calculate the highest common factor of 2 and 86.
2
What is the greatest common factor of 35 and 581?
7
Calculate the highest common divisor of 18 and 12.
6
What is the greatest common factor of 1306 and 2?
2
What is the highest common divisor of 8 and 240?
8
Calculate the greatest common divisor of 965 and 35.
5
What is the highest common divisor of 2840 and 16?
8
What is the highest common factor of 196 and 80?
4
What is the greatest common factor of 40132 and 2032?
508
What is the highest common divisor of 62 and 1271?
31
What is the highest common divisor of 2250 and 1980?
90
What is the greatest common factor of 3397 and 1501?
79
Calculate the highest common factor of 94 and 752.
94
Calculate the greatest common divisor of 5 and 80.
5
What is the highest common divisor of 52371 and 506?
253
Calculate the greatest common factor of 18 a